 Let d(k) be the second derivative of -k**3/6 - k**2/2 + k. Give d(m).
-4
Let c be 3*(5/40)/((-4)/(-32)). Let d(f) = f**3 - 2*f**2 + 4. Determine d(c).
13
Let g be 110/(-25)*(-5)/2. Let r(i) = -i**2 + 9*i + 15. Let n be r(10). Let o(j) = -g - 12*j - j**2 + 4*j + n + 0. Determine o(-6).
6
Let l = 40 - 36. Let d(n) = -n**2 - 6*n + 10. Let y(m) = -m**2 - 5*m + 9. Let j(i) = l*d(i) - 5*y(i). Give j(-5).
15
Let r(g) = -2*g**2 - 3*g + 27. Let y be r(-5). Let d be y/12*(-9)/(-3). Let u(f) = -9*f - 3. What is u(d)?
15
Suppose 3*f - 3*q - 24 = 0, 2*f + 2*f = -4*q + 56. Let a(l) = -2*l + 8. Calculate a(f).
-14
Let q be -5*5/(4 - -1). Let d(b) = -38*b**3 + 5 + 39*b**3 + 6*b**2 - 2 + 7*b. Give d(q).
-7
Let p(g) = 17*g**2 - 19*g - 4. Let a(x) = -31*x**2 + 36*x + 8. Let s(v) = -6*a(v) - 11*p(v). Calculate s(-4).
8
Suppose -218*n - 10 = -216*n. Let i(r) = -r**3 - 4*r**2 + 4*r - 5. Give i(n).
0
Suppose -5*f - 3*a + 32 = -6*a, 2*a = -8. Suppose q - f = -1. Let u(k) = k**3 - 4*k**2 - k + 4. Give u(q).
-8
Let s(t) = 5*t - 1. Suppose 4 = 3*z + 1. Suppose 3*j + 6 + 6 = 4*b, 5*j + 6 = 2*b. Suppose j*g = -g + z. Give s(g).
4
Let t be 2/3 + (-14)/(-6). Suppose t*s + 5 + 14 = 2*y, -14 = 2*s - 2*y. Let j(q) = 7*q - 1 - 7*q**2 + 0*q - 9*q**2 + 18*q**2. Give j(s).
14
Let w be 6/8 + (-465)/(-20). Let i = -19 + w. Let m(n) = 6*n + i*n**2 + 3*n**3 + 12*n - 16*n + 6 - 2*n**3. What is m(-5)?
-4
Suppose 2*n = -2, -4*l + 3*n - 4 = 5. Let o = -5 - -8. Let q(v) = 3*v**2 + 10*v**3 - 9*v**o - 1 + 2 + v. What is q(l)?
-2
Let b(x) = x**3 - 6*x**2 - 5*x - 8. Let n be b(7). Suppose -4*f - 7 = -n*p + p, 4*f + 22 = 2*p. Let k(s) = -s - 4. What is k(f)?
4
Suppose -11*l + 8*l - 21 = 0. Let m = l + 4. Let f be -2 + (m - 1)*1. Let t(g) = g**2 + 6*g + 6. Calculate t(f).
6
Let n(g) = 29*g**2 - 2 - g**3 - 119*g**2 + 26*g**2 + 3*g + 34*g**2 + 31*g**2. Let b = -4 - -6. Give n(b).
0
Let n(m) be the third derivative of -m**4/6 + 29*m**3/6 + 37*m**2 - 2. Give n(12).
-19
Suppose -o - o = -b + 17, -4*o - b = 19. Let f(p) = p + 12 + 1 - 12. Determine f(o).
-5
Let n(q) = -q**2 - q - 1. Let p(g) = -3*g - 8. Let l be p(-3). Let j(i) = 2*i**2 + 7*i. Let o(r) = l*j(r) + 3*n(r). Let z be 30/(-2)*(-1)/3. What is o(z)?
-8
Let l(j) = -j**2 + 16*j - 10. Let o be l(15). Suppose -o*m + 15 = 0, -2*y - m = y + 15. Let u(d) = d + 2. Calculate u(y).
-4
Let c(i) = i**2 + 10*i + 7. Suppose 2*h + 3*u - 5*u + 4 = 0, 3*h = -3*u - 12. Let x(r) = r**2 + 10*r + 8. Let m(f) = h*c(f) + 4*x(f). Give m(-8).
-5
Suppose -4*u - 8 = 5*a, -3*a + u = -6 + 4. Let k(r) = -r**2 - r - 14. Determine k(a).
-14
Let t be -4 - (0 + (-10)/1). Let l = t - 5. Let u(k) = 5*k**2 + k. Calculate u(l).
6
Let w(o) = -o + 6. Let p be w(6). Suppose 5*s + p*s = 0. Let n(x) = -9 + x - 3 + s*x + 3. Calculate n(5).
-4
Suppose 4*p - 2 = 6. Suppose 3 = p*z + y + 10, 0 = z - 3*y + 7. Let w(g) = 2*g + 7. Let f(h) = 5*h + 15. Let b(j) = 3*f(j) - 7*w(j). Determine b(z).
-8
Let p(v) = -177*v**3 - 7*v**2 + 6 + 86*v**3 + 90*v**3 + 9*v. Give p(-8).
-2
Let l(w) = -w**2 - w + 1. Suppose -4*h - v = -2*h, -v = h - 2. Calculate l(h).
-1
Let q(v) = -6*v - 5. Let y be 1/2 - (-325)/(-130). Determine q(y).
7
Let r(u) = -3*u - 3. Let j be r(-2). Let c(s) = 3*s - s - 8*s + j. What is c(3)?
-15
Suppose -5*a - 4*x = 46, 0 = -a + 2*x - 4*x - 14. Let v(g) = -g**2 - 6*g - 6. What is v(a)?
-6
Suppose 0 = 12*i + 41 + 7. Let w(j) = -j + 6. What is w(i)?
10
Let p(z) = -2*z - 1. Let v(y) = 2*y + 1. Let f be v(-4). Let i(j) = 4*j - 2. Let g be i(-2). Let x = f - g. Give p(x).
-7
Let d = 281 + -274. Let f(o) = o**3 - 6*o**2 - 9*o + 3. Calculate f(d).
-11
Let g = -121 + 126. Let u(t) = -t - 4. What is u(g)?
-9
Let y(g) = -79*g - 70*g + 6 + 0 + 153*g. Calculate y(-7).
-22
Let h be 13/60 - (-79)/(-474). Let k(v) be the second derivative of 1/6*v**3 - v - 1/12*v**4 - h*v**5 + 0 - v**2. Give k(-2).
0
Let x(o) = 4*o + 0*o**3 + 4 + 0*o + 4*o**2 - o**3. Let n be 1 + -3 + 0 - (-10 + 3). Calculate x(n).
-1
Let w(h) = -h**3 + 6*h**2 - h + 7. Let d(a) = -a**3 - 5*a**2 + 5. Let o be d(-4). Let j = 19 + o. Let c be (-2)/j + 125/20. Calculate w(c).
1
Let d(u) = 4*u**2 - 2*u - 3. Let h be d(-2). Suppose 0 = -5*p + 47 - h. Suppose 2*x - 2 - p = 0. Let q(j) = -j**2 + 3*j - 3. Give q(x).
-7
Let r(q) be the first derivative of q**4/12 - q**2 + 47*q - 41. Let b(p) be the first derivative of r(p). What is b(0)?
-2
Let k be 90/(-135) + (1 - (-35)/3). Let v(n) = -n**2 + 11*n + 15. Calculate v(k).
3
Let k be 2*3/1 + -3. Let t(d) = 0 - d**k + 5*d - 4 + 1. Suppose 2 = 4*u - 2*p - 3*p, -2*u + 4*p - 2 = 0. Determine t(u).
-15
Let m(w) = w**2 + 5*w. Let p(y) = -5*y**2 - 21*y + 1. Let f = -35 + 37. Let i(s) = f*p(s) + 9*m(s). Calculate i(-2).
-8
Let o(m) = 49*m - 133*m + 2*m**2 + 43*m + 2 + 45*m. What is o(-4)?
18
Suppose -25*s - 147 - 53 = 0. Let b(c) = -c**3 - 9*c**2 - 6*c + 4. What is b(s)?
-12
Suppose b - 34*a + 32*a = -13, -3*b - a = 25. Let q(z) = z**3 + 9*z**2 + 2*z + 14. Calculate q(b).
-4
Suppose -252 = 10*b - 212. Let v(o) = -4*o - 12. Determine v(b).
4
Let p(w) = w**3 - 17*w**2 - 18*w - 23. Let g be ((-36)/(-14))/(92/644). What is p(g)?
-23
Let h(q) = -q**2 - 9*q - 9. Let l = 28 + -34. Determine h(l).
9
Let r(v) be the second derivative of v**4/12 - 2*v**3/3 - v**2/2 - v. Let p(c) = -2*c**2 - 23*c - 10. Let t be p(-7). Let q = t - 49. Calculate r(q).
-1
Let v(f) be the third derivative of 0*f + 0 - 1/60*f**5 + 0*f**3 - 18*f**2 + 1/6*f**4. Determine v(5).
-5
Let i(w) = -8*w**2 - w - 2. Suppose -3*a + 2*j - 10 = 2*a, a = -5*j - 2. Give i(a).
-32
Let h(j) = 8*j - 6. Suppose 2*x = -3*g + 13, -7*x + 5*g = -6*x - 13. What is h(x)?
58
Let k(g) = -g**2 + g - 10. Let w(b) = -3*b**2 + 3*b - 28. Let p(f) = 17*k(f) - 6*w(f). Let r be ((-2)/3)/((-9)/54). Give p(r).
10
Let h = 9 - 2. Let o = h - -1. Suppose -2*s - o + 2 = 0. Let j(i) = i**3 + 2*i**2 - i - 1. What is j(s)?
-7
Let c(b) = -b**2 + 1634*b**3 - 2 + 3*b**2 - 2*b - 1633*b**3. Suppose p - 22 = 5*j, 0 = 3*j - 0*p + 4*p + 4. Determine c(j).
-26
Let j(b) = b**3 + 7*b**2 + 8*b + 6. Let t = -43 - -37. Give j(t).
-6
Let s = 24 - 9. Let h be ((-16)/20)/((-2)/s). Suppose 0 = h*a - 9*a. Let l(y) = y**3 + 4. Determine l(a).
4
Suppose -41*f + 12 = -43*f. Let p(v) = v**3 + 5*v**2 - 6*v + 7. Calculate p(f).
7
Let t(c) = 2*c - 7. Let a(y) = -y + 5. Let s(x) = -4*a(x) - 3*t(x). Calculate s(-1).
3
Let n(s) be the third derivative of s**5/60 - s**4/24 + 2*s**3/3 - 39*s**2. Give n(0).
4
Let y(r) = -6*r**2 - 10*r + 10. Let c(d) = 5*d**2 + 9*d - 10. Let u(h) = -5*c(h) - 4*y(h). Suppose l = -3*g - 17, 5*g + 58 - 7 = 4*l. Calculate u(g).
-4
Let x = -121 + 111. Let z(n) = n - 3. What is z(x)?
-13
Let a = 45 + -41. Let b(p) = a - 18*p + 39*p - 22*p. Suppose 3*o - 4*z = -0*o - 34, z - 34 = 5*o. What is b(o)?
10
Let d be (-148)/(-185)*((-7)/(-2) - 1). Let n(l) = 8*l - 2*l - 2*l. What is n(d)?
8
Let l(o) be the second derivative of o**5/20 + 2*o**4/3 - 7*o**3/6 - 9*o**2/2 - 67*o + 3. What is l(-9)?
-27
Let d(j) = -2*j - 3. Let l be d(-5). Let f(r) be the second derivative of r**5/20 - r**4/2 - 7*r**3/6 - 3*r**2/2 - 31*r - 15. Give f(l).
-3
Let u(g) = -g**3 - 5*g**2 - 14*g - 109. Let k be u(-6). Let s(n) = n**2 - 10*n - 5. Determine s(k).
6
Let u(p) be the third derivative of p**4/24 + p**2 + 11*p. Let v(b) = -2*b + 12. Let j(y) = -2*y + 13. Let w(n) = -2*j(n) + 3*v(n). Let c be w(8). What is u(c)?
-6
Let o(u) be the second derivative of u**5/20 - 5*u**4/6 + 4*u**3/3 + u**2 - 16*u - 3. Calculate o(9).
-7
Suppose 4 = 8*q - 7*q. Suppose -2 = 3*l + q. Let o(d) = -4*d**2 + 2*d + 3. Calculate o(l).
-17
Let v(g) = 2*g + 6. Let l(z) = 10*z + 8. Let w(k) = 3*k + 3. Let h(s) = -2*l(s) + 7*w(s). Let x(i) = -3*h(i) + 2*v(i). What is x(-2)?
-5
Let x(a) be the first derivative of 2*a**3 + a**2 - 2*a + 108. Determine x(1).
6
Let p(k) be the first derivative of k**3/3 - 4*k**2 + 6*k - 3869. Let a be (-3 - 1)*(1 + -3). Give p(a).
6
Let z(r) = -r**3 - 6*r**2 + r + 1. Suppose -2*s = -5*s + 6, 2*h + 5*s = -2. What is z(h)?
-5
Let d(u) = -2*u**2 - 3*u - 3. Let c be 27/(-33) + 18/22 + -1. Determine d(c).
-2
Let j(s) = 5*s - 3. Suppose -w = -12 + 8. Suppose -3*m - 2*b + 15 = b, 2*m = -w*b + 16. What is j(m)?
7
Let p(b) = -b**2 - 2*b - 1. Suppose o = 5*y, -3*y - 5*o = -2*y. Suppose y = 4*a + a - 20. Suppose -a*u